he remainder when 187405 is divided by 3819?
274
Calculate the remainder when 31182 is divided by 10381.
39
What is the remainder when 1983332 is divided by 180301?
21
What is the remainder when 564800469 is divided by 2605?
2604
What is the remainder when 24010076 is divided by 87628?
4
Calculate the remainder when 773535 is divided by 154696.
55
Calculate the remainder when 915725 is divided by 18686.
111
What is the remainder when 797498 is divided by 1409?
4
Calculate the remainder when 115681646 is divided by 70.
66
What is the remainder when 93302533 is divided by 8?
5
Calculate the remainder when 140359 is divided by 107.
82
Calculate the remainder when 169503151 is divided by 91.
90
Calculate the remainder when 13104801 is divided by 3562.
203
Calculate the remainder when 136017 is divided by 101.
71
What is the remainder when 1008798 is divided by 5288?
4078
What is the remainder when 42494 is divided by 14?
4
Calculate the remainder when 5836 is divided by 623.
229
Calculate the remainder when 502539509 is divided by 55.
54
What is the remainder when 240461 is divided by 1718?
1659
What is the remainder when 6174 is divided by 1726?
996
What is the remainder when 6966240 is divided by 514?
512
What is the remainder when 4214990 is divided by 17860?
30
What is the remainder when 278661 is divided by 2322?
21
Calculate the remainder when 334664 is divided by 191.
32
What is the remainder when 79629 is divided by 1618?
347
What is the remainder when 78827 is divided by 39403?
21
Calculate the remainder when 9832342 is divided by 19.
13
Calculate the remainder when 190194980 is divided by 5262.
5252
Calculate the remainder when 300895 is divided by 20020.
595
Calculate the remainder when 63297108 is divided by 87.
84
Calculate the remainder when 25028 is divided by 4582.
2118
What is the remainder when 3608670 is divided by 1157?
1144
What is the remainder when 65577 is divided by 50?
27
What is the remainder when 1441117 is divided by 6005?
5922
What is the remainder when 685863 is divided by 10886?
45
What is the remainder when 503929 is divided by 1577?
866
Calculate the remainder when 43213 is divided by 4385.
3748
What is the remainder when 947963 is divided by 3731?
289
What is the remainder when 187869 is divided by 7508?
169
Calculate the remainder when 17858150 is divided by 4464533.
18
Calculate the remainder when 334606 is divided by 2961.
13
What is the remainder when 4992329 is divided by 831985?
419
What is the remainder when 36626 is divided by 2602?
198
What is the remainder when 7407525 is divided by 673410?
15
Calculate the remainder when 2782943 is divided by 420.
23
Calculate the remainder when 278994 is divided by 2232.
2226
Calculate the remainder when 655564 is divided by 132.
52
Calculate the remainder when 332064 is divided by 55340.
24
What is the remainder when 258179 is divided by 5024?
1955
Calculate the remainder when 540374 is divided by 2290.
2224
What is the remainder when 5387579 is divided by 11?
10
What is the remainder when 50787982 is divided by 1592?
1590
Calculate the remainder when 2054262 is divided by 1027050.
162
What is the remainder when 2724811 is divided by 908232?
115
Calculate the remainder when 1084615 is divided by 3510.
25
What is the remainder when 796824 is divided by 85?
34
Calculate the remainder when 792089 is divided by 331.
6
What is the remainder when 42163130 is divided by 85?
70
What is the remainder when 46738561 is divided by 2762?
2759
Calculate the remainder when 9074811 is divided by 87257.
83
What is the remainder when 163014374 is divided by 12358?
12354
What is the remainder when 1236552 is divided by 1170?
1032
What is the remainder when 666185 is divided by 3581?
119
What is the remainder when 28681959 is divided by 5425?
5409
What is the remainder when 160085 is divided by 5519?
34
Calculate the remainder when 6590207 is divided by 823765.
87
What is the remainder when 3945194 is divided by 27?
8
Calculate the remainder when 1145989 is divided by 68.
53
Calculate the remainder when 13357 is divided by 568.
293
Calculate the remainder when 63064 is divided by 18783.
6715
What is the remainder when 89124 is divided by 2224?
164
What is the remainder when 179904558 is divided by 126?
120
What is the remainder when 176268 is divided by 2197?
508
What is the remainder when 91451 is divided by 68?
59
Calculate the remainder when 175109 is divided by 13460.
129
Calculate the remainder when 870756 is divided by 828.
528
What is the remainder when 16854238 is divided by 2106778?
14
What is the remainder when 34525227 is divided by 3452519?
37
What is the remainder when 68984 is divided by 7754?
6952
Calculate the remainder when 1837568 is divided by 102075.
218
Calculate the remainder when 878235 is divided by 7556.
1739
Calculate the remainder when 1281939 is divided by 32870.
9
What is the remainder when 1785982 is divided by 77592?
1366
What is the remainder when 756725 is divided by 74?
1
What is the remainder when 17554781 is divided by 558?
101
Calculate the remainder when 249648 is divided by 1369.
490
What is the remainder when 36288 is divided by 4661?
3661
Calculate the remainder when 117939 is divided by 19641.
93
Calculate the remainder when 1841538 is divided by 1665.
48
Calculate the remainder when 2556337 is divided by 284032.
49
Calculate the remainder when 8944144 is divided by 575.
19
Calculate the remainder when 181974677 is divided by 87.
83
Calculate the remainder when 83715906 is divided by 718.
696
What is the remainder when 59547 is divided by 3157?
2721
Calculate the remainder when 7035545 is divided by 52.
49
What is the remainder when 229977501 is divided by 12?
9
Calculate the remainder when 238510676 is divided by 27.
20
What is the remainder when 60644 is divided by 3592?
3172
What is the remainder when 36305 is divided by 138?
11
What is the remainder when 2990873 is divided by 2990867?
6
Calculate the remainder when 234143154 is divided by 178.
174
Calculate the remainder when 465211 is divided by 19373.
259
Calculate the remainder when 2172541 is divided by 63858.
1369
Calculate the remainder when 118594 is divided by 1050.
994
Calculate the remainder when 8562810 is divided by 2140537.
662
Calculate the remainder when 10650508 is divided by 772.
768
Calculate the remainder when 29941590 is divided by 127411.
5
What is the remainder when 309203884 is divided by 131?
130
Calculate the remainder when 9003 is divided by 8732.
271
What is the remainder when 100396 is divided by 33437?
85
Calculate the remainder when 193470 is divided by 38689.
25
What is the remainder when 108465 is divided by 121?
49
What is the remainder when 11047936 is divided by 920660?
16
Calculate the remainder when 95827450 is divided by 2349.
2344
Calculate the remainder when 6486249 is divided by 1186.
15
What is the remainder when 29173332 is divided by 9724434?
30
Calculate the remainder when 47333 is divided by 46103.
1230
What is the remainder when 10683807 is divided by 3561267?
6
Calculate the remainder when 765419 is divided by 15329.
14298
What is the remainder when 840254 is divided by 840116?
138
Calculate the remainder when 56316246 is divided by 1432.
1414
What is the remainder when 165595 is divided by 360?
355
What is the remainder when 96973083 is divided by 559?
558
Calculate the remainder when 3578230 is divided by 28175.
5
What is the remainder when 186173917 is divided by 1896?
1885
Calculate the remainder when 134583 is divided by 1734.
1065
Calculate the remainder when 837217 is divided by 107.
49
What is the remainder when 3217429 is divided by 78?
7
What is the remainder when 1347643 is divided by 224606?
7
Calculate the remainder when 2668097 is divided by 87.
68
What is the remainder when 1934496 is divided by 4478?
0
Calculate the remainder when 78493 is divided by 78129.
364
What is the remainder when 2383885 is divided by 29?
27
Calculate the remainder when 154082 is divided by 347.
14
Calculate the remainder when 11422148 is divided by 12456.
12452
Calculate the remainder when 569887 is divided by 33.
10
What is the remainder when 880657 is divided by 293552?
1
What is the remainder when 14801813 is divided by 32?
21
Calculate the rema